{"id":78,"date":"2015-04-06T18:35:17","date_gmt":"2015-04-06T17:35:17","guid":{"rendered":"http:\/\/www.bootsvertrieb-schulz.de?page_id=78"},"modified":"2024-03-13T21:57:32","modified_gmt":"2024-03-13T20:57:32","slug":"service","status":"publish","type":"page","link":"https:\/\/www.bootsvertrieb-schulz.de\/?page_id=78","title":{"rendered":"Service"},"content":{"rendered":"<p><em>Motorenservice aller Art<\/em><\/p>\n<p><em>Arbeiten an Booten<\/em><\/p>\n<p><em>H\u00e4nger-Service<\/em><\/p>\n<p><em>Standpl\u00e4tze auf Freigel\u00e4nde<\/em><\/p>\n<p>Winterlager f\u00fcr Boote und Wohnmobile<\/p>\n<p><em>Liegepl\u00e4tze auf dem Wasser<\/em><\/p>\n<p><em>Liegepl\u00e4tze f\u00fcr Kanu und Kajak in einer Halle<\/em><\/p>\n<p><em>Zubeh\u00f6r und Ersatzteile<\/em><\/p>\n<p><em>Flaschengasverkauf<\/em><\/p>\n<p><em>Persenning- und Verdeckarbeiten<\/em><\/p>\n<p>Gaspr\u00fcfungen f\u00fcr Fl\u00fcsiggasanlagen im Boot (G608), Caravan (G607) und mobilen Ger\u00e4ten (G612) wie Grill, Heizofen, Strahler<\/p>\n<p>Zubeh\u00f6r f\u00fcr Fl\u00fcssiggasanlagen<\/p>\n<p>Service und Ersatzteile f\u00fcr Prijon-Boote<\/p>\n<p><a href=\"http:\/\/www.bootsvertrieb-schulz.de\/wp-content\/uploads\/2017\/02\/service_verdeck2.jpg\"><img loading=\"lazy\" decoding=\"async\" class=\"alignnone size-medium wp-image-99\" src=\"http:\/\/www.bootsvertrieb-schulz.de\/wp-content\/uploads\/2017\/02\/service_verdeck2-300x131.jpg\" alt=\"\" width=\"300\" height=\"131\" srcset=\"https:\/\/www.bootsvertrieb-schulz.de\/wp-content\/uploads\/2017\/02\/service_verdeck2-300x131.jpg 300w, https:\/\/www.bootsvertrieb-schulz.de\/wp-content\/uploads\/2017\/02\/service_verdeck2-768x336.jpg 768w, https:\/\/www.bootsvertrieb-schulz.de\/wp-content\/uploads\/2017\/02\/service_verdeck2-1024x449.jpg 1024w\" sizes=\"auto, (max-width: 300px) 100vw, 300px\" \/><\/a> <a href=\"http:\/\/www.bootsvertrieb-schulz.de\/wp-content\/uploads\/2017\/02\/service_verdeck1.jpg\"><img loading=\"lazy\" decoding=\"async\" class=\"alignnone size-medium wp-image-98\" src=\"http:\/\/www.bootsvertrieb-schulz.de\/wp-content\/uploads\/2017\/02\/service_verdeck1-300x182.jpg\" alt=\"\" width=\"300\" height=\"182\" srcset=\"https:\/\/www.bootsvertrieb-schulz.de\/wp-content\/uploads\/2017\/02\/service_verdeck1-300x182.jpg 300w, https:\/\/www.bootsvertrieb-schulz.de\/wp-content\/uploads\/2017\/02\/service_verdeck1-768x467.jpg 768w, https:\/\/www.bootsvertrieb-schulz.de\/wp-content\/uploads\/2017\/02\/service_verdeck1-1024x622.jpg 1024w\" sizes=\"auto, (max-width: 300px) 100vw, 300px\" \/><\/a><\/p>\n<p>&nbsp;<\/p>\n<p><em>Sollten Sie Fragen haben stehen wir Ihnen gerne zur Verf\u00fcgung!\u00a0 <\/em><\/p>\n","protected":false},"excerpt":{"rendered":"<p>Motorenservice aller Art Arbeiten an Booten H\u00e4nger-Service Standpl\u00e4tze auf Freigel\u00e4nde Winterlager f\u00fcr Boote und Wohnmobile Liegepl\u00e4tze auf dem Wasser Liegepl\u00e4tze f\u00fcr Kanu und Kajak in einer Halle Zubeh\u00f6r und Ersatzteile Flaschengasverkauf Persenning- und Verdeckarbeiten Gaspr\u00fcfungen f\u00fcr Fl\u00fcsiggasanlagen im Boot (G608), Caravan (G607) und mobilen Ger\u00e4ten (G612) wie Grill, Heizofen, Strahler Zubeh\u00f6r f\u00fcr Fl\u00fcssiggasanlagen Service und &hellip; <a href=\"https:\/\/www.bootsvertrieb-schulz.de\/?page_id=78\" class=\"more-link\"><span class=\"screen-reader-text\">Service<\/span> weiterlesen <span class=\"meta-nav\">&rarr;<\/span><\/a><\/p>\n","protected":false},"author":1,"featured_media":0,"parent":0,"menu_order":0,"comment_status":"closed","ping_status":"closed","template":"","meta":{"footnotes":""},"class_list":["post-78","page","type-page","status-publish","hentry"],"_links":{"self":[{"href":"https:\/\/www.bootsvertrieb-schulz.de\/index.php?rest_route=\/wp\/v2\/pages\/78","targetHints":{"allow":["GET"]}}],"collection":[{"href":"https:\/\/www.bootsvertrieb-schulz.de\/index.php?rest_route=\/wp\/v2\/pages"}],"about":[{"href":"https:\/\/www.bootsvertrieb-schulz.de\/index.php?rest_route=\/wp\/v2\/types\/page"}],"author":[{"embeddable":true,"href":"https:\/\/www.bootsvertrieb-schulz.de\/index.php?rest_route=\/wp\/v2\/users\/1"}],"replies":[{"embeddable":true,"href":"https:\/\/www.bootsvertrieb-schulz.de\/index.php?rest_route=%2Fwp%2Fv2%2Fcomments&post=78"}],"version-history":[{"count":6,"href":"https:\/\/www.bootsvertrieb-schulz.de\/index.php?rest_route=\/wp\/v2\/pages\/78\/revisions"}],"predecessor-version":[{"id":151,"href":"https:\/\/www.bootsvertrieb-schulz.de\/index.php?rest_route=\/wp\/v2\/pages\/78\/revisions\/151"}],"wp:attachment":[{"href":"https:\/\/www.bootsvertrieb-schulz.de\/index.php?rest_route=%2Fwp%2Fv2%2Fmedia&parent=78"}],"curies":[{"name":"wp","href":"https:\/\/api.w.org\/{rel}","templated":true}]}}